he third derivative of -j**5/30 - 3*j**4/8 + j**2. Let w be v(-6). List the prime factors of (-48)/9*w/8.
2, 3
Let i = -4 + 9. Suppose m - 10 = -w + i*w, -4*w - 38 = -3*m. What are the prime factors of m?
2, 7
Suppose -639 = -5*t + 2*k, 4*t - 292 - 208 = -4*k. What are the prime factors of t?
127
Let p(x) be the second derivative of x**4/12 - 5*x**2 - 2*x. Let r be p(0). Let c = r - -22. What are the prime factors of c?
2, 3
List the prime factors of -6 - -9 - 5 - -364.
2, 181
Let q = -16 - -16. Suppose i = -q + 23. What are the prime factors of i?
23
Let t be (-2 - 13)*3/(-9). Suppose -5*x + 5 = -5*s, -3*x + 0*x + 11 = t*s. Suppose 5*l - 1 = -2*p + s, 0 = -3*p - 4*l + 17. What are the prime factors of p?
11
Let p(v) = v**3 - 5 + 2 - 7*v - 5 + 4 - 7*v**2. What are the prime factors of p(8)?
2
Let l be 6/3 - (0 - 4). What are the prime factors of (9/l)/(2/4)?
3
Suppose 90 = 5*k - 10. Suppose 2*i - q = q + 8, -5*q - k = 3*i. Suppose i = 4*v - 3*v - 5. List the prime factors of v.
5
Let q be -2 + (-1 + 58)/3. Suppose 57 = -14*m + q*m. List the prime factors of m.
19
Let r(a) = 5*a - 37. What are the prime factors of r(16)?
43
What are the prime factors of 247 + (5 - (5 + 1))?
2, 3, 41
Suppose 6 = 6*j - 3*j. Let a be 1 + (5 - -1)/j. Suppose 3*i = -h + 37, h - 33 = -a*i + 15. List the prime factors of i.
11
Let b(y) = y**3 - 7*y**2 - 12*y + 8. Suppose 7*i + 5*k - 60 = 2*i, -52 = -5*i - 3*k. Let r be b(i). What are the prime factors of (-3)/6*1*r?
2, 3
Let p = 57 - 20. What are the prime factors of p?
37
Suppose -2*f + 6 = 2*g, 4*g - 3*g - 2*f + 9 = 0. What are the prime factors of -4*1 - g - -34?
31
Let m(q) = -q**2 - 7*q - 5. Let j be m(-4). Let w(f) = f**3 - 8*f**2 + 7*f + 6. Let d be w(j). Let t = 17 - d. List the prime factors of t.
11
Let c be (-161)/(-21) + (-4)/6. Let f(r) be the third derivative of r**6/120 - 2*r**5/15 + 3*r**4/8 + r**3/3 - 2*r**2. List the prime factors of f(c).
2
Suppose 0 = 5*b - 59 - 51. What are the prime factors of 248/88 - (-4)/b?
3
Let j = 65 + -42. Let g = -9 + j. What are the prime factors of g?
2, 7
Let w(d) = -d - 9. Let t be w(0). Let l = 1 - t. Suppose 6*y - y - l = 0. List the prime factors of y.
2
Let p = -138 + 260. What are the prime factors of (-2)/(-7) + p/14?
3
Suppose -q + 1 = 0, 4*q - 3 = 3*w + q. Let v(f) = f**3 + 22. Let y be v(w). Suppose -h + 13 = -2*x, y = -h - x - 4*x. What are the prime factors of h?
3
Let r = 57 - 39. Suppose 0 = 2*p - 6 - r. List the prime factors of p.
2, 3
Suppose -g - 3 = h - 6, 0 = 3*g + 4*h - 12. Suppose g = -2*v + 6*v - 12. Suppose -5*y + 33 = -4*s, -v*s = -7 - 2. What are the prime factors of y?
3
Let m(v) = v**2 + 6. Let r be m(0). Let l be (-20)/(-6)*r/4. Suppose -l*x + 27 + 58 = 0. List the prime factors of x.
17
Suppose -d + 5*d + 72 = 0. What are the prime factors of (-63)/d - (-3)/(-2)?
2
Suppose -5*i = -b - 20, -4*i + 6*b = b - 37. Let z be 142/5 + (-6)/15. Suppose -u = -i*u + z. List the prime factors of u.
2, 7
Let c = 50 - 35. What are the prime factors of c?
3, 5
Let k = 10 + -3. Let z = 66 + -30. Suppose d = -4, k*a - 2*a + d = z. What are the prime factors of a?
2
Suppose 4*i - 8*i = 0. Let k(n) = 4*n - 2. Let w be k(3). Suppose 4*d - w - 34 = i. What are the prime factors of d?
11
Suppose -3*s = 2*s. Let a be 2 - s - -73 - 3. Suppose 0 = 3*q - a + 6. What are the prime factors of q?
2, 11
Let c = -156 - -259. List the prime factors of c.
103
Let i(c) = -15*c - 45. List the prime factors of i(-7).
2, 3, 5
Suppose -7 - 13 = -4*z. Suppose 88 = z*u - 77. List the prime factors of u.
3, 11
Suppose -4*r = -r + 15. Let s = 18 + r. List the prime factors of s.
13
Suppose 3*j - 148 = 5. What are the prime factors of j?
3, 17
List the prime factors of 384/9*(-3)/(-2).
2
Suppose 0*j - 3*u = -2*j + 6, 2*j = -5*u - 10. Suppose 0*q - 5*q = -10. Suppose j = -s + 5*d - 13, 0 = q*d + 2*d - 16. List the prime factors of s.
7
Suppose -2*v + 0*v + 6 = 0. Suppose 2*w - 28 - 7 = -v*c, 3*w + 5*c = 51. List the prime factors of w.
2, 11
Suppose 3*h - 67 = 8. What are the prime factors of h?
5
Let r be 6 + 6/3 + 1. Suppose 37 = 4*p + 3*w, -p - 2*w = -r - 4. What are the prime factors of p?
7
Suppose -x + 86 = 2*k - 6*k, -2*x = -4*k - 176. Suppose 0 = 3*q - 2*m - 135, 0 = q + q + 2*m - x. Suppose -q = -l - 4*l. What are the prime factors of l?
3
Let i = 0 + -8. Let o(j) = -j**2 - 8*j + 6. List the prime factors of o(i).
2, 3
Suppose 4*q + 0*q - 60 = 0. Let h = -3 + q. List the prime factors of h.
2, 3
Let h be 2/(-3) + 60/9. Let u(g) = g + 2. Let n be u(0). Suppose -2*b - h*q + q + 16 = 0, 0 = -n*b - 3*q + 12. List the prime factors of b.
3
Let z be (-92)/10 + (-1)/(-5). Let n be 6/3 - 5 - z. Let x(u) = u**2 - 3*u - 3. List the prime factors of x(n).
3, 5
Let q(w) = 13*w**2 + w - 2. What are the prime factors of q(-2)?
2, 3
Suppose -848 = 16*b - 20*b. What are the prime factors of b?
2, 53
Let b(o) = o**3 - o - 1. Let s(a) = 2*a**3 + 7*a**2 - 2*a - 8. Let j(y) = -3*b(y) + s(y). What are the prime factors of j(7)?
2
Suppose 0*z + z - 13 = 0. List the prime factors of 1/2*-2 + z.
2, 3
Suppose -4*w - 4 = -16. Suppose 5*y = -w*x - 0*y + 69, 3*x - 69 = -4*y. What are the prime factors of x?
23
Let q(l) = 3 + 0*l - 4*l + 0*l + 2*l**2 + 2*l. Let n be (-9)/(-6)*(-4)/(-3). What are the prime factors of q(n)?
7
Let a(l) = 216*l**2 - l - 1. What are the prime factors of a(-1)?
2, 3
Let a = -49 + 72. What are the prime factors of a?
23
What are the prime factors of (-5)/(15/2) - 3444/(-36)?
5, 19
Let y(s) = 60*s**3 + 2*s**2 - 3*s + 1. List the prime factors of y(1).
2, 3, 5
What are the prime factors of (-1)/(1*2/(-46))?
23
Let j(p) = -p + 7. Let y be j(6). Let t = y + 1. List the prime factors of t.
2
Suppose -3*u + 3*r + 90 = 0, 3*u - 105 = -u - r. Suppose 5*v = -3*z - 33, 5*v + 0*z - 3*z + u = 0. List the prime factors of 127/6 + 1/v.
3, 7
Suppose u - 420 = -3*u. List the prime factors of u.
3, 5, 7
List the prime factors of (-1 - 3) + (13 - -1).
2, 5
Let o(c) be the third derivative of -c**5/60 - c**4/8 + 2*c**3/3 + 2*c**2. Let k be o(-3). What are the prime factors of 9/k*4*1?
3
Let t = -3 + 10. What are the prime factors of t?
7
Suppose 0 = -n + 2*n - 271. Suppose g = -g + 2*t + 106, 0 = 5*g - 2*t - n. What are the prime factors of g?
5, 11
Let f(j) = 7*j - 19. List the prime factors of f(10).
3, 17
Let l(x) = -x**2 - 12*x - 5. Let c be (7 - 6)*7/(-1). List the prime factors of l(c).
2, 3, 5
Let u(b) = -b**3 + 2*b**2 - b + 1. Let j = 5 + -7. List the prime factors of u(j).
19
Let c(r) = 2*r - 5. Let u be c(5). Suppose 4*z - u*z + 4 = 0. Suppose z*b - b = 24. What are the prime factors of b?
2
List the prime factors of 4*(-1 - (-66)/8).
29
Let x(w) = w + 14. Let d be x(-10). Suppose -30 = -d*j + 2*n, 2*n = 2*j - 5 - 15. List the prime factors of j.
5
Let d(w) = w**3 - 3*w**2 - 6*w + 1. What are the prime factors of d(5)?
3, 7
What are the prime factors of (-72)/(-30)*10/3?
2
Let z = -3 + 2. Let v(f) = 6*f**2 - 5*f - 1. Let o(c) = -7*c**2 + 6*c + 1. Let w(b) = 3*o(b) + 4*v(b). List the prime factors of w(z).
2
Suppose -5*w = -1153 - 692. List the prime factors of w.
3, 41
Let n(y) = y**3 - 4*y**2 - y - 3. Let l be 2/8 + 95/20. What are the prime factors of n(l)?
17
Let c be ((-8)/(-5))/((-12)/(-30)). Suppose -4*n = -s - 17, -n + c*s - 6 = -29. List the prime factors of n.
3
Let z = -61 - -97. Let s = z - 23. List the prime factors of s.
13
Let y(l) = 8*l**2 - l + 1. Suppose -3*f = f - 4. Let r be f/(-4) - (-10)/8. List the prime factors of y(r).
2
Let i be (30/(-8))/(6/(-8)). Let s(n) = -n**2 - 12*n - 5. Let t be s(-5). Suppose i*h - t = 10. What are the prime factors of h?
2
Let s(c) be the third derivative of -c**5/60 + 7*c**4/12 + c**3/3 - 4*c**2. List the prime factors of s(10).
2, 3, 7
Let y = -35 - -16. List the prime factors of y/(-1) + 1*-2.
17
Suppose -6*i + 3*i + 15 = 0, -5*i + 29 = 4*z. Let p be z/(3/((-45)/(-3))). Suppose -5*c + p*m = -60, -2*c + 0*m = -5*m - 27. What are the prime factors of c?
11
Suppose -28 = -4*f - o, -3*o + 20 = f - 6*o. Let m(l) = l**2 - 4*l + 5. List the prime factors of m(f).
37
Let s(p) = 12*p. Let r be s(6). Suppose 5*w = r + 78. Suppose 5*h - 2*v = 25, -h + 6*h = v + w. List the prime factors of h.
7
Let c(o) = -3 + 0*o + 3*o**2 + o**2 + o**3 +